at is -24 + (31 - 2 - 14)?
-9
Calculate 4 + -5 + 0 + (5 + -3 - 2).
-1
Evaluate (2 - -19) + (14 - 14) + -6 - 5.
10
What is (-35 - -60) + 6 + -3 + 1?
29
What is the value of -32 - (-6 - 12) - -15?
1
What is 22 + -23 + -2 + -1 + 0 + 1?
-3
Calculate 2 + 4 + 4 + (-5 - 3).
2
What is (-86 - -91) + (-1 - (-2 + -3) - 7)?
2
Calculate 5 - (-76 - -75 - (0 + 1)).
7
What is -4 + 7 + 21 - (12 + -20 + 18)?
14
(-28 + 24 - -8) + -18 + -3
-17
Evaluate 157 + -162 - (-23 - 0) - 9.
9
(-2 + 0 - (24 + -22)) + (-10 - -2)
-12
Calculate 1 + -2 - (-25 + 27 + -4).
1
What is the value of -5 + -20 + 10 + 33 + 2?
20
24 + (26 - 28 - 25)
-3
Evaluate -44 - -12 - (-73 + 32).
9
Calculate 4 - ((5 - (-4 - -2)) + -5 + -11).
13
What is 4 + (5 - 34) + 47?
22
What is -22 + 3 + 9 + 3 + 4?
-3
What is -12 + -13 + 17 + 4?
-4
What is 0 + -4 + (-43 - -37) + (8 - 1)?
-3
-2 + (-4 - 4) + -11 + (1 - 1)
-21
What is 1 + 21 - (1890 + -1861)?
-7
-22 - -12 - (32 - 62)
20
Calculate 7 + (3 - (-5 - -7) - 3) + 16.
21
(0 - -5) + -33 - (12 + -18)
-22
1 - 6 - (-18 - (18 + -23))
8
What is the value of (12 - (9 - 6) - 1) + (-6 - -6)?
8
Evaluate 2 - (3 + 0 + (5 - 15)).
9
(0 - (6 + -7) - 7) + -13 - -7
-12
Calculate -28 + 39 + (1 - 3) + -2 + 4.
11
What is (-4 + 2 - -2) + -8 + 14?
6
What is the value of (-3 - -15) + (19 + -26 - 0)?
5
Calculate -4 + (93 + -96 - (-1 - -1)).
-7
What is -1 + 13 + (27 - 34)?
5
What is -291 - -297 - (14 + -1 + -2)?
-5
What is -1 + (-3 + 9 - (-2 - -15))?
-8
What is 42 - (24 + (-12 - -2) + -1)?
29
Evaluate 94 - 87 - (-1 + 0).
8
(47 - 37) + -12 + -5
-7
What is -21 + 35 + -9 + -9?
-4
What is -6 + (14 - 3) + -6 - (-2 + 3)?
-2
What is -3 + 0 + (15 - 24 - -16)?
4
Calculate (-1 - (2 + 4 - (-5 - -13))) + -11.
-10
Calculate -1 + (18 - 44) + 33.
6
What is -28 + (21 - (-15 + 23))?
-15
What is the value of 13 + -12 + 11 - 10?
2
What is 17 + -9 + (9 - 20)?
-3
What is 14 - ((1 - -9) + (12 - 20))?
12
What is -25 + (10 + -1 - (-6 - -8))?
-18
Evaluate (-6 - (6 + -10) - 0) + -1 + -5.
-8
Calculate 32 + (70 - 31) + -42.
29
What is -1 - -23 - (16 - 5)?
11
Evaluate 4 - (10 - (5 - -5)).
4
-42 - -37 - -19 - (0 + 15)
-1
What is (56 - -1) + 3004 + -3044?
17
Evaluate (-21 - (-48 + 16)) + 6.
17
Calculate 13 + -25 + 29 + -20.
-3
Evaluate 26 - 50 - -55 - 57.
-26
Calculate 8 + 12 + -14 - 21.
-15
(18 - (-5 - -27)) + 4 + -4
-4
1 + 11 - ((11 - 33) + 23)
11
Calculate -1 + 2 + 12 + (2 - 14 - -16).
17
What is 18 + 4 + (-5 - 6) + (-1 - 44)?
-34
Evaluate -9 - (-9 - (3 + 9)) - -1.
13
Evaluate (-33 - (-9 + 1)) + 15.
-10
What is the value of 11 + 0 + -27 + 27?
11
Calculate 0 + -3 - 1 - 0 - (-59 - -70).
-15
Evaluate (1 - -7) + -11 + -7.
-10
(15 - 10) + 0 + 2 + 43 + -80
-30
Calculate 2 - (-2 + -1) - (13 + 8 + -4).
-12
Evaluate 4 - (6 + 1 - (7 - -5 - 13)).
-4
(-7 - -12) + (25 + 11 - 17)
24
What is the value of (-27 - 4) + -4 + 0?
-35
(570 - 553) + -1 + -23
-7
What is (-7 - 6 - -5) + 8 + (1 - -4)?
5
What is the value of 2 + -3 - -7 - (19 - (20 - 1))?
6
What is 2 - -7 - (-5 + 17) - 11?
-14
Evaluate (17 - (-6 + 17)) + -6.
0
Calculate 29 + -38 + 47 - (3 - 2).
37
What is the value of -12 - (-2 + (8 - (-2 - -7)) + -3)?
-10
What is 7 + (-12 - (-18 - -5))?
8
What is the value of -4 + (-11 - 0) + 8 + 3?
-4
Evaluate (-10 - -2 - 10) + 8 + 18 + -14.
-6
Calculate -16 + (-5 - (6 - 23)) + (0 - 1).
-5
What is the value of (10 - -12) + -2 + -13?
7
Calculate -4 + (1 - -4) + 2 + 5 + 3.
11
Evaluate -1 + -6 + 2 + (13 - 20) + 14.
2
Calculate -3 + -1 + -6 + (-8 - -33) - 8.
7
(108 - 116) + -3 + -2 + 1
-12
(-10 - -1) + (-71 + 37 - -45)
2
Evaluate (-11 - (-2 - 5)) + (-3 - 5).
-12
Evaluate 302 - 285 - (-5 + 1).
21
What is the value of -5 + 6 - (-4 - -33) - -9?
-19
0 - 1 - ((-12 - -24) + -4 - 7)
-2
-4 + (7 - (-3 + 0)) - (-3 + 2)
7
Calculate (0 - 5 - (9 + -11)) + 5 - -2.
4
Calculate (-6 - 0) + (31 - 16 - 8).
1
What is the value of 15 + 5 + 4 + -16?
8
Calculate (-1 - -3 - 2) + (-5 - -9) + 0.
4
What is the value of -24 + (19 - (-24 + 32))?
-13
What is the value of 1 + -15 + (-95 - -113)?
4
Evaluate (1 - 1 - (-5 - -1)) + (-37 - -42).
9
Calculate -8 + (9 + -1 + -1 - 7).
-8
(32 - -1) + (-34 - 13 - -32)
18
12 + -17 + 26 + -5 + 2 + 2
20
Evaluate 103 - 82 - (17 + 6) - (0 + 6).
-8
0 - -4 - (-1027 - -1035)
-4
Evaluate -17 + ((-15 - -21) + -11 - (2 + -17)).
-7
What is the value of 32 + -12 + -15 - (-1 - -26)?
-20
What is -3 - 2 - (-1 + -6 + 6) - 1?
-5
Evaluate -1 + 3 - (-93 + 66) - -5.
34
What is (-13 - -7 - -20) + -19?
-5
4 + (-2 - -5 - 0) + (25 - 23)
9
What is (-12 - 0) + -62 + 65?
-9
-26 + 23 + 6 + 22
25
What is 17 + -9 + -7 + 4 + (-2 - 0)?
3
Evaluate -12 + 28 - (15 + (-6 - 5)).
12
What is -35 - -1 - (-1 - 19 - -10)?
-24
(-8 - -6) + (2 - 1) + (-3 - -16)
12
What is the value of (2 - (-14 + 10 - 3)) + -8?
1
What is -133 - -109 - (2 + -13)?
-13
What is (-9 - -6) + -7 + 2 - -8?
0
(-354 - -369) + -42 + 5
-22
(-6 - 1) + 8 + 10 + -29 + 11
-7
3 - 7 - ((-1 - -2) + 20 + -16)
-9
What is the value of -4 + 1 + -32 + 5 + 3?
-27
-8 + (32 - -3) + -24
3
What is -4 + 0 + 3 + -25?
-26
What is 2 - (-13 + 17 + -9 - (-1 - 5))?
1
Calculate -25 + (9 - ((-11 - -15) + -10 + 6)).
-16
Evaluate 24 + (-5 + 0 + 6 + -5 - 4).
16
(0 - -6) + (22 - (18 - 7))
17
Calculate 0 + -32 - (1241 - 1299).
26
What is the value of 7 - (-7 + (-4 + 9 - -3))?
6
Calculate (-543 - -557) + -3 + -1 + 0 + -1.
9
Calculate -18 + (-4 + 18 - 10).
-14
Evaluate 10 - (-2 + -4 + 8 + -11) - 1.
18
(21 - 37) + 26 + -6
4
(0 - (6 - -1)) + 8 + -26
-25
Calculate 183 + -168 + (-11 - 0) + -6.
-2
What is the value of 222 + -220 - ((3 + -1 - 6) + 0)?
6
Evaluate 1 + (0 - 6 - (-2 - 10)) + 7.
14
What is -2 + (-3 - -36 - (-4 - -13))?
22
Calculate (-1 - 0 - 5) + (4 - 2 - -4).
0
What is the value of (4 + 1 - (-1 - -4)) + (-2 - -2)?
2
Evaluate -13 - -7 - (1 + -11 + (-7 - -3)).
8
(-83 - -102) + (5 - -3)
27
What is the value of (65 - 53) + 2 + -10?
4
Evaluate -2 - 5 - ((8 - (-1 + 2)) + -13).
-1
-6 + 1 - (-11 + (-11 - -19))
-2
What is 20 - -4 - (-11 - -44)?
-9
Evaluate -18 + (-10 - 0 - (-7 + -6)).
-15
What is the value of 22 + (4 - 0 - (52 + 33 + -77))?
18
Evaluate 5 + -17 + 37 + -26.
-1
Evaluate (-1 + 12 - 10) + -9.
-8
Calculate 23 - (51 - (14 + 1)).
-13
Calculate 11 - ((-1 - -8) + 1).
3
Calculate 12 + (2 - -1) + -15 + -1 + 11.
10
-45 + -13 + 29 + 6
-23
What is the value of 2 + 19 + 0 + (-27 - -17) + 2?
13
6 + (1 - (1 - -8)) + 8 + -16
-10
-1 + 4 + 3 + -8 + 5 - 0
3
Calculate -17 - (-37 + 61 + -31).
-10
What is (7 - 1) + -9 + (1 - (-4 - -11))?
-9
What is -20 + 7 + (12 - 1) - (0 - -23)?
-25
What is the value of 0 - (163 + -150 - (-12 + 0))?
-25
What is the value of (-20 - (5 - -5)) + 19?
-11
Evaluate 5 - 2 - (9 - -7).
-13
What is (-12 + 25 - 28) + -8?
-23
-10 + 12 - (-2 - (0 - 21))
-17
-12 + -15 + (-12 - -26)
-13
What is the value of 14 + (8 - 24) - -10 - -16?
24
What is the value of 1 + (-7 - -4) + 11 + -11?
-2
Evaluate -1 + -14 - (-172 + 146) - -13.
24
What is the value of 28 + -20 + (4 - 7)?
5
(3 - (-35 + 11)) + -32
-5
What is -13 + (21 - 13) - -16 - 2?
9
Calculate -1 + 4 - (110 - 129).
22
-22 - ((-2 - 21) + 8)
-7
Calculate 1 + -1 - (32 + -11 - 12).
-9
Calculate (10 - (-2 - -19)) + (32 - (2 - 0)).
23
Evaluate -34 + (-21 - (1 + -1)) + 19.
-36
Evaluate -20 + 0 + 1 - (136 + -129).
-26
What is 0 - (-2 - (0 + 6 - 24) - 4)?
-12
Calculate 27 + -42 - (1 - 26).
10
What is the value of 43 + -19 - 23 - -6?
7
What is the value of (-57 - -21) + 22 + -5?
-19
Evaluate (-1 - 3) + 2 + (9 + 6 - 12).
1
Calculate 10 + (-8 - 12 - -16).
6
Calculate -17 + -5 + (84 - 42).
20
7 + 6 + (-6 - -3)
10
What is the value of 1 - (-6 - (6 + 4 - 13))?
4
Evaluate 2 + (-7 - -2 - -26) + 0 + -4.
19
4 + 2 + 4 + -15 + 18
13
What is the value of (6 - 7) + (2 - (7 - 4))?
-2
(4 - 5 - -2) + 2 + 2 - 7
-2
What is (2 - (1 - -2)) + (-44 - -25)?
-20
Calculate (0 - -11) + 2 + -3 + -5.
5
What is (-9 - (-20 - (16 + -20))) + 2 + -23?
-14
Evaluate 18 + (1 - -2) - (18 + -24 + 14).
13
What is the value of -2 + -3 + 5 + -3 + -7?
-10
Calculate -5 + 2 + -2 + 29 - 6.
18
What is -9 + -29 + 27 + 25?
14
What is 0 + (8 - -15) + -26 + 10 + 0?
7
What is the value of (7 - -1) + -16 - (-23 + 9)?
6
What is the value of (13 - 22 - 28) + 14 + 16?
-7
2 - (-12 - -23 - 8)
-1
What is (45 - 45) + 4 + -6 + -20 + -2?
-24
What is -20 - (11 - (-12 + 5 - -22))?
-16
What is 26 - (-22 - (46 - 106))?
-12
What is 17 + -10 - ((2 